*d + 2*v - 23, 0 = 3*d - b*v - 7. List the prime factors of d.
5
Let d(a) be the first derivative of -73*a**4/4 - 2*a**2 - 4*a + 4. What are the prime factors of d(-1)?
73
Suppose 0 = -1305*c + 1311*c - 1152. List the prime factors of c.
2, 3
Let p be 10/((20/(-2))/(-5)). Suppose 180 = p*t - 75. What are the prime factors of t?
3, 17
Let v(m) = 18*m**2 + 15*m - 29. What are the prime factors of v(2)?
73
Suppose -5*i + 0*u = -u - 16, -3*u - 8 = -5*i. Let a = 59 + i. List the prime factors of a.
3, 7
Suppose m - 6 = -2*c, -2*m + 5*c + 5 + 7 = 0. Suppose 4*r = 3*q + 256, 0 = m*q - q. What are the prime factors of r?
2
Suppose 206*t = 205*t + 761. What are the prime factors of t?
761
What are the prime factors of -4*(-63)/36 - -973?
2, 5, 7
Let m(o) = -o**2 + o - 10. Let b be m(-7). Let r = -128 + 237. Let g = r + b. What are the prime factors of g?
43
Let a = 2162 + -889. List the prime factors of a.
19, 67
What are the prime factors of 1*1174/6*18?
2, 3, 587
Let p = -122 + 778. What are the prime factors of p?
2, 41
Let n(i) = -104*i + 12. Let q be n(3). Let m = -203 - q. List the prime factors of m.
97
Let t = 8 - -15. What are the prime factors of ((-2)/4)/(t/(-3680))?
2, 5
Let h(y) be the second derivative of -y**5/20 + 5*y**4/4 - 5*y**3/6 - 17*y**2/2 - y. Let g be h(14). Suppose -22 = 3*l - g. List the prime factors of l.
29
Let b(d) = d + 5. Let l be b(-3). Suppose 3*f + 3*s - 45 = -0*f, -4*s - 102 = -5*f. List the prime factors of ((-12)/f)/(l/(-57)).
19
Let q = 6 + -7. Let c(g) = 70*g. Let n be c(q). Let j = 106 + n. List the prime factors of j.
2, 3
Suppose -2*p = 2*m - 42, 3*p + m - 55 = 14. Suppose 4*g - 3*g = -5*h + p, -2*h = 4*g - 60. Let b = 41 - g. What are the prime factors of b?
3
Let l = 86 + 124. What are the prime factors of l?
2, 3, 5, 7
Let y(w) = 2*w**2 - 24*w - 60. List the prime factors of y(24).
2, 3, 43
Let w(t) = -2*t**2 - 3*t + 2*t**2 - 2*t**3 - 3*t**2 + 2*t. Let u be w(-2). Suppose -2*j + u*j - 56 = 5*l, -2*j + 3*l + 28 = 0. List the prime factors of j.
2, 7
Let s = 18 + -37. Let i = s - -33. What are the prime factors of i?
2, 7
Suppose 4*g = 3*t - 3947, -81*t + 5216 = -77*t + 4*g. What are the prime factors of t?
7, 11, 17
Let t(g) = -g**2 - 12*g + 2. Let k be t(-11). Suppose d = 5 + k. What are the prime factors of (-2)/(-3) + 618/d?
5, 7
Let y be (-8)/(-7)*(-63)/27*57. Let b = -51 - y. What are the prime factors of b?
101
Let t be ((-260)/(-91))/((-2)/(-7)). Let i(k) = 12*k - 20. What are the prime factors of i(t)?
2, 5
Suppose -8568 + 145663 = 35*f. What are the prime factors of f?
3917
Suppose 5 = -w - 4. Let y be (-1 + 1 - -22)/2. Let u = w + y. List the prime factors of u.
2
Let s(j) be the third derivative of 247*j**6/120 + j**5/30 - j**4/6 + j**3/3 - 48*j**2. What are the prime factors of s(1)?
13, 19
Let r = -24 - -15. Let m(s) = s + 12. Let y be m(r). Suppose -5*g + 41 = 2*a, -3*g + 18 = -2*a + y. What are the prime factors of g?
7
Let z(a) = -63*a**2 - 3*a + 2. Let g be z(1). Let u = -3 - g. What are the prime factors of u?
61
Let y(m) = 5*m + 5 + 4*m - 5*m. Let c = 12 + -7. What are the prime factors of y(c)?
5
Let f be (-17)/((-3 - 27/(-8))/(-3)). Let k = 242 - f. What are the prime factors of k?
2, 53
Let m = 153 + 259. What are the prime factors of m?
2, 103
Let c(u) = -5*u**2 + 12 - 3*u - 2*u**3 + 4*u + 3*u**2 + u**2. Let d be c(0). List the prime factors of 36/d + 1 + 7.
11
Suppose g + 2 = 2*t - 6, 0 = 4*g + 5*t + 6. What are the prime factors of (-2 - 0) + (g - -64)?
2, 29
Let c(m) = 9*m**2 + 2*m - 7. Let z be c(4). Suppose -v + z = 4*v. List the prime factors of v.
29
Let d(o) = -o**3 + 5*o**2 - 3*o - 1. Let q be d(4). Suppose 5*m = 2*x - 208 + 58, q*x = 3*m + 216. What are the prime factors of x?
2, 5, 7
Let x = 152 + -150. Let y(l) = l**3 + 6*l**2 - l + 2. Let m be y(-6). List the prime factors of (9/1)/(x/m).
2, 3
Let j = -5 - -8. Suppose 4*b + 49 = j*g - b, -4*g + 72 = -5*b. Suppose 0 = -4*t + 29 + g. What are the prime factors of t?
13
Let n be (-50)/5*(-12)/10. Let m = n - 11. Let o(c) = 14*c - 2. What are the prime factors of o(m)?
2, 3
Let t(a) = a**2 - 25*a + 93. List the prime factors of t(4).
3
What are the prime factors of (-7)/2*(-18 + -8)?
7, 13
Let z = 9 - 4. Suppose -z*m + 565 + 990 = 0. What are the prime factors of m?
311
Let c(p) = p + 5. Let x(a) = 1. Let m(j) = c(j) - 3*x(j). Let w be m(3). Suppose -s - l = -0*l - 2, 5*l + w = 0. What are the prime factors of s?
3
List the prime factors of (-9 - (5 + -2))*92/(-6).
2, 23
Let q(o) = 13*o - 80. Let z(l) = 28*l - 160. Let v(n) = -7*q(n) + 3*z(n). What are the prime factors of v(-6)?
2, 61
Suppose -r = 5*s + 37, 3*r + 34 = -5*s + 3. Let d = s + 41. List the prime factors of d.
3, 11
Let k(v) = -v + 3. Let z = 0 - -1. Let u be k(z). Suppose -40 = u*b - 4*b. List the prime factors of b.
2, 5
Let r(z) = z + 4. Let l be r(-3). Let a be (-25)/(-6) - l/6. Suppose 0 = 2*y - q - 29 + a, 5*y - 76 = -2*q. List the prime factors of y.
2, 7
Suppose -z - 616 = -9*z. Suppose 2*l - z = l. List the prime factors of l.
7, 11
Let s = -570 + 943. Let l = s + -230. List the prime factors of l.
11, 13
Suppose 5*s + 2*j - 1178 = 0, -4*s = 3*j + 36 - 977. What are the prime factors of s?
2, 59
Let z = -6 + 26. Let w = z - 16. Suppose 4*v + 108 = w*q, 3*q - 29 - 34 = -3*v. What are the prime factors of q?
2, 3
Suppose -2*x - 866 = -2*i + 118, -i = 4*x - 502. What are the prime factors of i?
2, 13, 19
Let n = -868 - -1332. What are the prime factors of n?
2, 29
Let o(b) = 7*b**2 - b - 1. Suppose 4*j = r - 2, -5*r - 14 = -0*r + 4*j. What are the prime factors of o(r)?
29
Let z(i) = -i**3 - i**2 + 4. Let r be z(0). Let y be 6/r - (-2094)/12. Suppose -34*s + 30*s = -y. What are the prime factors of s?
2, 11
Let l(k) = -7 - k**3 - 38*k - 1 + 25*k + 13*k**2. List the prime factors of l(11).
7, 13
Let b(r) be the third derivative of r**6/120 - 2*r**5/15 + r**4/6 + 10*r**2. Let m be b(6). Let a = 71 + m. List the prime factors of a.
23
Let l(z) = -z**2 - z**3 - z + 10 - 14 + 1. What are the prime factors of l(-2)?
3
Suppose 0 = 4*a + 4*a + 328. Let y = a + 45. What are the prime factors of y?
2
What are the prime factors of (-20)/(-3)*(-144)/(-60)?
2
What are the prime factors of (-16)/(-6)*((-4599)/(-28))/1?
2, 3, 73
Let j = -787 - -1683. List the prime factors of j.
2, 7
Let v(s) = s**2 + 5*s - 5. Let q(c) = -2*c**2 - 5*c + 5. Let z(t) = -3*q(t) - 4*v(t). Let u be z(4). Suppose 7 = r - u. List the prime factors of r.
2, 3
Suppose 2*k - 6*x - 222 = -x, 2*k - 2*x - 210 = 0. Let l = -25 + k. What are the prime factors of l?
2, 19
Let l = -1313 - -463. What are the prime factors of (l/17)/(-2*1)?
5
Suppose -233 = -g + 260. List the prime factors of g.
17, 29
Let v be (-168)/2*75/(-30). List the prime factors of v + -7 + (1 - 3/(-3)).
5, 41
Let n be 4/(-4)*-19 + 0. Suppose n = v - 31. What are the prime factors of v?
2, 5
Let x(o) = o**3 - 23*o**2 + 22*o - 25. Let k be x(22). Let b = 62 + k. What are the prime factors of b?
37
Let g(z) = 20*z**3 - 5*z**2 - 5*z - 4. Let o be g(-1). Let s = -7 + 4. Let d = s - o. What are the prime factors of d?
3, 7
Let n be (-4)/14 - 4028/(-133). Let o be (190/n)/((-1)/(-6)). Let c = o - 31. What are the prime factors of c?
7
Let y(k) = -3*k + 399. List the prime factors of y(0).
3, 7, 19
List the prime factors of 3*(-1*(-2650)/15 + -3).
521
Let i(f) = -f**2 + f + 2. Let k be i(-2). Let y be (-9)/24 - (-102)/16. Let v = k + y. What are the prime factors of v?
2
Suppose -6*o + 3*o + 281 = -5*a, 0 = -2*a + 4. List the prime factors of o.
97
Let v(w) be the third derivative of w**6/120 + 3*w**5/20 + w**4/3 + 4*w**3/3 + 11*w**2. What are the prime factors of v(-6)?
2, 17
Suppose v + 11*d = 14*d + 1127, 0 = -d. List the prime factors of v.
7, 23
Let a(w) = -78*w + 33. List the prime factors of a(-7).
3, 193
Let x be 2*96/(-3) - 0. List the prime factors of 4 - 2 - x/1.
2, 3, 11
Let d(t) = 50*t + 35. List the prime factors of d(32).
3, 5, 109
Suppose -9*t + 12*t + 381 = 0. What are the prime factors of ((-15)/(-5) + -4)*t?
127
Suppose 479 = n - 2*h, 0 = -4*n - 11*h + 10*h + 1925. List the prime factors of n.
13, 37
Let v = -81 - -83. List the prime factors of 192 - (v - 5 - -3).
2, 3
Suppose -26*s - 4*l = -27*s + 221, 4*s = -l + 884